{"id":117,"date":"2020-03-22T11:03:44","date_gmt":"2020-03-22T10:03:44","guid":{"rendered":"http:\/\/www.verein-rodtegg.ch\/homepage_2020\/?page_id=117"},"modified":"2025-11-08T17:54:02","modified_gmt":"2025-11-08T16:54:02","slug":"links","status":"publish","type":"page","link":"https:\/\/www.verein-rodtegg.ch\/homepage_2020\/links\/","title":{"rendered":"Links"},"content":{"rendered":"\n<p>Nachfolgend haben wir eine kleine Auswahl von Links, die wir f\u00fcr aus unserer Sicht als interessant und n\u00fctzlich erachten zusammengestellt.<\/p>\n\n\n\n<h3 class=\"wp-block-heading\">Webseiten unserer Mitglieder<\/h3>\n\n\n\n<ul class=\"wp-block-list\">\n<li><a rel=\"noreferrer noopener\" href=\"http:\/\/www.herrenart.ch\/\" target=\"_blank\">www.HerrenArt.ch<\/a><br>Die Kunst-Seite von Stefan Herren <\/li>\n<\/ul>\n\n\n\n<h3 class=\"wp-block-heading\">Webseiten f\u00fcr und \u00fcber Menschen mit Behinderung<\/h3>\n\n\n\n<ul class=\"wp-block-list\">\n<li><a rel=\"noreferrer noopener\" href=\"http:\/\/www.rodtegg.ch\/\" target=\"_blank\">www.rodtegg.ch<\/a><br>Stiftung Rodtegg, Luzern<br>Private Stiftung f\u00fcr k\u00f6rper- und mehrfachbehinderte Kinder, Jugendliche und Erwachsene. <\/li>\n\n\n\n<li><a rel=\"noreferrer noopener\" href=\"http:\/\/www.cerebral.ch\/\" target=\"_blank\">www.cerebral.ch<\/a><br>Schweizerische Stiftung f\u00fcr das cerebral gel\u00e4hmte Kind<\/li>\n\n\n\n<li><a rel=\"noreferrer noopener\" href=\"http:\/\/www.cerebral-zentralschweiz.ch\/\" target=\"_blank\">www.cerebral-zentralschweiz.ch<\/a><br>Homepage der Vereinigung Cerebral Zentralschweiz<\/li>\n\n\n\n<li><a rel=\"noreferrer noopener\" href=\"https:\/\/www.vereinigung-cerebral.ch\/de\/\" target=\"_blank\">www.vereinigung-cerebral.ch<\/a><br>Vereinigung Cerebral Schweiz<\/li>\n\n\n\n<li><a rel=\"noreferrer noopener\" href=\"http:\/\/www.spz.ch\/\" target=\"_blank\">www.spz.ch<\/a><br>Schweizer Paraplegiker-Zentrum<\/li>\n\n\n\n<li><a rel=\"noreferrer noopener\" href=\"https:\/\/www.procap-zentralschweiz.ch\/\" target=\"_blank\">www.procap-zentralschweiz.ch<\/a><br>Mitgliederorganisation von und f\u00fcr Menschen mit Handicap in der Schweiz, Region Zentralschweiz<\/li>\n\n\n\n<li><a rel=\"noreferrer noopener\" href=\"https:\/\/www.proinfirmis.ch\/\" target=\"_blank\">www.proinfirmis.ch<\/a><br>Pro Infirmis f\u00fchrt in der ganzen Schweiz Beratungsstellen und unterst\u00fctzt Menschen mit k\u00f6rperlichen, kognitiven und psychischen Beeintr\u00e4chtigungen<\/li>\n\n\n\n<li><a rel=\"noreferrer noopener\" href=\"http:\/\/www.procap.ch\/\" target=\"_blank\">www.procap.ch<\/a><br>Mitgliederorganisation von und f\u00fcr Menschen mit Handicap in der Schweiz<\/li>\n\n\n\n<li><a href=\"https:\/\/www.ebgb.admin.ch\/de\" target=\"_blank\" rel=\"noreferrer noopener\">www.ebgb.admin.ch\/de<\/a><br>Eidgen\u00f6ssisches B\u00fcro f\u00fcr die Gleichstellung von Menschen mit Behinderungen EBGB<\/li>\n\n\n\n<li><a rel=\"noreferrer noopener\" href=\"https:\/\/www.inclusion-handicap.ch\/\" target=\"_blank\">www.inclusion-handicap.ch<\/a><br>Dachverband der Behindertenorganisationen Schweiz<\/li>\n\n\n\n<li><a href=\"https:\/\/www.netzwerkavanti.ch\/\" target=\"_blank\" rel=\"noreferrer noopener\">www.netzwerkavanti.ch<\/a><br>Netzwerk f\u00fcr Frauen und M\u00e4dchen mit Behinderung<\/li>\n\n\n\n<li><a rel=\"noreferrer noopener\" href=\"http:\/\/www.bfzs.ch\/\" target=\"_blank\">www.bfzs.ch<\/a><br>Behindertenforum Zentralschweiz<\/li>\n\n\n\n<li><a href=\"http:\/\/www.mis-ch.ch\/\" target=\"_blank\" rel=\"noreferrer noopener\">www.mis-ch.ch<\/a><br>Mobility International Schweiz<br>Fachstelle f\u00fcr barrierefreies Reise <\/li>\n<\/ul>\n\n\n\n<p>Die Mitglieder des Vereins werden gebeten, weitere n\u00fctzliche und spannende Links dem Vorstand zu melden!<\/p>\n\n\n\n<h3 class=\"wp-block-heading\"><strong>Haftung f\u00fcr Links<\/strong><\/h3>\n\n\n\n<p>Links auf Webseiten von Drittanbietern, sowie Verweise darauf, liegen au\u00dferhalb des Verantwortungsbereichs des Webseitenbetreibers. Jegliche Verantwortung f\u00fcr die Inhalte dieser Webseiten wird abgelehnt. Wer auf Webseiten von Drittanbietern zugreift, diese besucht oder nutzt, tut dies auf eigene Gefahr. <\/p>\n","protected":false},"excerpt":{"rendered":"<p>Nachfolgend haben wir eine kleine Auswahl von Links, die wir f\u00fcr aus unserer Sicht als interessant und n\u00fctzlich erachten zusammengestellt. Webseiten unserer Mitglieder Webseiten f\u00fcr und \u00fcber Menschen mit Behinderung Die Mitglieder des Vereins werden gebeten, weitere n\u00fctzliche und spannende Links dem Vorstand zu melden! Haftung f\u00fcr Links Links auf Webseiten von Drittanbietern, sowie Verweise [&hellip;]<\/p>\n","protected":false},"author":1,"featured_media":0,"parent":0,"menu_order":6,"comment_status":"closed","ping_status":"closed","template":"","meta":{"footnotes":""},"class_list":["post-117","page","type-page","status-publish","hentry"],"_links":{"self":[{"href":"https:\/\/www.verein-rodtegg.ch\/homepage_2020\/wp-json\/wp\/v2\/pages\/117","targetHints":{"allow":["GET"]}}],"collection":[{"href":"https:\/\/www.verein-rodtegg.ch\/homepage_2020\/wp-json\/wp\/v2\/pages"}],"about":[{"href":"https:\/\/www.verein-rodtegg.ch\/homepage_2020\/wp-json\/wp\/v2\/types\/page"}],"author":[{"embeddable":true,"href":"https:\/\/www.verein-rodtegg.ch\/homepage_2020\/wp-json\/wp\/v2\/users\/1"}],"replies":[{"embeddable":true,"href":"https:\/\/www.verein-rodtegg.ch\/homepage_2020\/wp-json\/wp\/v2\/comments?post=117"}],"version-history":[{"count":9,"href":"https:\/\/www.verein-rodtegg.ch\/homepage_2020\/wp-json\/wp\/v2\/pages\/117\/revisions"}],"predecessor-version":[{"id":520,"href":"https:\/\/www.verein-rodtegg.ch\/homepage_2020\/wp-json\/wp\/v2\/pages\/117\/revisions\/520"}],"wp:attachment":[{"href":"https:\/\/www.verein-rodtegg.ch\/homepage_2020\/wp-json\/wp\/v2\/media?parent=117"}],"curies":[{"name":"wp","href":"https:\/\/api.w.org\/{rel}","templated":true}]}}

<p>Nachfolgend haben wir eine kleine Auswahl von Links, die wir für aus unserer Sicht als interessant und nützlich erachten zusammengestellt.</p>



<h3 class="wp-block-heading">Webseiten unserer Mitglieder</h3>



<ul class="wp-block-list">
<li><a rel="noreferrer noopener" href="http://www.herrenart.ch/" target="_blank">www.HerrenArt.ch</a><br>Die Kunst-Seite von Stefan Herren </li>
</ul>



<h3 class="wp-block-heading">Webseiten für und über Menschen mit Behinderung</h3>



<ul class="wp-block-list">
<li><a rel="noreferrer noopener" href="http://www.rodtegg.ch/" target="_blank">www.rodtegg.ch</a><br>Stiftung Rodtegg, Luzern<br>Private Stiftung für körper- und mehrfachbehinderte Kinder, Jugendliche und Erwachsene. </li>



<li><a rel="noreferrer noopener" href="http://www.cerebral.ch/" target="_blank">www.cerebral.ch</a><br>Schweizerische Stiftung für das cerebral gelähmte Kind</li>



<li><a rel="noreferrer noopener" href="http://www.cerebral-zentralschweiz.ch/" target="_blank">www.cerebral-zentralschweiz.ch</a><br>Homepage der Vereinigung Cerebral Zentralschweiz</li>



<li><a rel="noreferrer noopener" href="https://www.vereinigung-cerebral.ch/de/" target="_blank">www.vereinigung-cerebral.ch</a><br>Vereinigung Cerebral Schweiz</li>



<li><a rel="noreferrer noopener" href="http://www.spz.ch/" target="_blank">www.spz.ch</a><br>Schweizer Paraplegiker-Zentrum</li>



<li><a rel="noreferrer noopener" href="https://www.procap-zentralschweiz.ch/" target="_blank">www.procap-zentralschweiz.ch</a><br>Mitgliederorganisation von und für Menschen mit Handicap in der Schweiz, Region Zentralschweiz</li>



<li><a rel="noreferrer noopener" href="https://www.proinfirmis.ch/" target="_blank">www.proinfirmis.ch</a><br>Pro Infirmis führt in der ganzen Schweiz Beratungsstellen und unterstützt Menschen mit körperlichen, kognitiven und psychischen Beeinträchtigungen</li>



<li><a rel="noreferrer noopener" href="http://www.procap.ch/" target="_blank">www.procap.ch</a><br>Mitgliederorganisation von und für Menschen mit Handicap in der Schweiz</li>



<li><a href="https://www.ebgb.admin.ch/de" target="_blank" rel="noreferrer noopener">www.ebgb.admin.ch/de</a><br>Eidgenössisches Büro für die Gleichstellung von Menschen mit Behinderungen EBGB</li>



<li><a rel="noreferrer noopener" href="https://www.inclusion-handicap.ch/" target="_blank">www.inclusion-handicap.ch</a><br>Dachverband der Behindertenorganisationen Schweiz</li>



<li><a href="https://www.netzwerkavanti.ch/" target="_blank" rel="noreferrer noopener">www.netzwerkavanti.ch</a><br>Netzwerk für Frauen und Mädchen mit Behinderung</li>



<li><a rel="noreferrer noopener" href="http://www.bfzs.ch/" target="_blank">www.bfzs.ch</a><br>Behindertenforum Zentralschweiz</li>



<li><a href="http://www.mis-ch.ch/" target="_blank" rel="noreferrer noopener">www.mis-ch.ch</a><br>Mobility International Schweiz<br>Fachstelle für barrierefreies Reise </li>
</ul>



<p>Die Mitglieder des Vereins werden gebeten, weitere nützliche und spannende Links dem Vorstand zu melden!</p>



<h3 class="wp-block-heading"><strong>Haftung für Links</strong></h3>



<p>Links auf Webseiten von Drittanbietern, sowie Verweise darauf, liegen außerhalb des Verantwortungsbereichs des Webseitenbetreibers. Jegliche Verantwortung für die Inhalte dieser Webseiten wird abgelehnt. Wer auf Webseiten von Drittanbietern zugreift, diese besucht oder nutzt, tut dies auf eigene Gefahr. </p>

<p>Nachfolgend haben wir eine kleine Auswahl von Links, die wir für aus unserer Sicht als interessant und nützlich erachten zusammengestellt. Webseiten unserer Mitglieder Webseiten für und über Menschen mit Behinderung Die Mitglieder des Vereins werden gebeten, weitere nützliche und spannende Links dem Vorstand zu melden! Haftung für Links Links auf Webseiten von Drittanbietern, sowie Verweise [&hellip;]</p>
