{"id":129,"date":"2020-03-22T12:19:12","date_gmt":"2020-03-22T11:19:12","guid":{"rendered":"http:\/\/www.verein-rodtegg.ch\/homepage_2020\/?page_id=129"},"modified":"2020-04-26T22:52:40","modified_gmt":"2020-04-26T20:52:40","slug":"30-jahr-jubilaeum","status":"publish","type":"page","link":"https:\/\/www.verein-rodtegg.ch\/homepage_2020\/aktuelles\/30-jahr-jubilaeum\/","title":{"rendered":"30-Jahr-Jubil\u00e4um"},"content":{"rendered":"\n<p>Am 5. September 2020 d\u00fcrfen wir bereits unser dreissigj\u00e4hriges Jubil\u00e4um feiern, keine Selbstverst\u00e4ndlichkeit, darauf sind wir stolz.<\/p>\n\n\n\n<h3 class=\"wp-block-heading\" id=\"Spender\">Spender- und G\u00f6nnerliste<\/h3>\n\n\n\n<h4 class=\"wp-block-heading\">Bisherige Zusagen:<\/h4>\n\n\n\n<ul class=\"wp-block-list\"><li><strong>Centralschweizerische Kraftwerke AG<\/strong> &#8211; <a rel=\"noreferrer noopener\" aria-label=\"Link (\u00f6ffnet in neuem Tab)\" href=\"https:\/\/www.ckw.ch\" target=\"_blank\">Link<\/a><br>Zentralschweizer Energieversorger<br><\/li><li><strong>Christian G\u00f6ldi, Schaffhausen &#8211; Bauingenieur Wasserbau<\/strong><br>Mandate und Expertisen, Wasserbau und Hochwasserschutz<br><\/li><li><strong>Die Mobiliar, Generalagentur Luzern<\/strong> &#8211; <a rel=\"noreferrer noopener\" href=\"https:\/\/www.mobiliar.ch\/versicherungen-und-vorsorge\/generalagenturen\/luzern\" target=\"_blank\">Link<\/a><br>kompetente Partnerin f\u00fcr Versicherungen und Vorsorge in der Region Luzern<br><\/li><li><strong>Richemont Restaurant &amp; Hotel <\/strong>&#8211; <a rel=\"noreferrer noopener\" aria-label=\"Link (\u00f6ffnet in neuem Tab)\" href=\"https:\/\/richemont-gastro.ch\/\" target=\"_blank\">Link<\/a><br>der etwas andere Gastronomiebetrieb<br><\/li><li><strong>Schottland f\u00fcr Alle<\/strong> &#8211; <a rel=\"noreferrer noopener\" aria-label=\"Link (\u00f6ffnet in neuem Tab)\" href=\"https:\/\/www.schottland-fuer-alle.com\" target=\"_blank\">Link<\/a><br>Reisen f\u00fcr Menschen mit und ohne Handicap<br><\/li><li><strong>Andreas Steiger und Partner AG <\/strong>&#8211; <a rel=\"noreferrer noopener\" href=\"http:\/\/www.a-steiger-partner.ch\" target=\"_blank\">Link<\/a><br>Beratende Bauingenieure SIA USIC<br><strong><strong>Steiger Baucontrol<\/strong> AG <\/strong>&#8211; <a rel=\"noreferrer noopener\" href=\"https:\/\/www.baucontrol.ch\" target=\"_blank\">Link<\/a><br>unabh\u00e4ngige Unternehmung, die Dienstleistungen im Bereich Beweissicherung, Messtechnik und Expertisen bei bautechnischen Fragen anbietet<\/li><\/ul>\n\n\n\n<p><\/p>\n","protected":false},"excerpt":{"rendered":"<p>Am 5. September 2020 d\u00fcrfen wir bereits unser dreissigj\u00e4hriges Jubil\u00e4um feiern, keine Selbstverst\u00e4ndlichkeit, darauf sind wir stolz. Spender- und G\u00f6nnerliste Bisherige Zusagen: Centralschweizerische Kraftwerke AG &#8211; LinkZentralschweizer Energieversorger Christian G\u00f6ldi, Schaffhausen &#8211; Bauingenieur WasserbauMandate und Expertisen, Wasserbau und Hochwasserschutz Die Mobiliar, Generalagentur Luzern &#8211; Linkkompetente Partnerin f\u00fcr Versicherungen und Vorsorge in der Region Luzern Richemont [&hellip;]<\/p>\n","protected":false},"author":1,"featured_media":0,"parent":72,"menu_order":2,"comment_status":"closed","ping_status":"closed","template":"","meta":{"footnotes":""},"class_list":["post-129","page","type-page","status-publish","hentry"],"_links":{"self":[{"href":"https:\/\/www.verein-rodtegg.ch\/homepage_2020\/wp-json\/wp\/v2\/pages\/129","targetHints":{"allow":["GET"]}}],"collection":[{"href":"https:\/\/www.verein-rodtegg.ch\/homepage_2020\/wp-json\/wp\/v2\/pages"}],"about":[{"href":"https:\/\/www.verein-rodtegg.ch\/homepage_2020\/wp-json\/wp\/v2\/types\/page"}],"author":[{"embeddable":true,"href":"https:\/\/www.verein-rodtegg.ch\/homepage_2020\/wp-json\/wp\/v2\/users\/1"}],"replies":[{"embeddable":true,"href":"https:\/\/www.verein-rodtegg.ch\/homepage_2020\/wp-json\/wp\/v2\/comments?post=129"}],"version-history":[{"count":8,"href":"https:\/\/www.verein-rodtegg.ch\/homepage_2020\/wp-json\/wp\/v2\/pages\/129\/revisions"}],"predecessor-version":[{"id":167,"href":"https:\/\/www.verein-rodtegg.ch\/homepage_2020\/wp-json\/wp\/v2\/pages\/129\/revisions\/167"}],"up":[{"embeddable":true,"href":"https:\/\/www.verein-rodtegg.ch\/homepage_2020\/wp-json\/wp\/v2\/pages\/72"}],"wp:attachment":[{"href":"https:\/\/www.verein-rodtegg.ch\/homepage_2020\/wp-json\/wp\/v2\/media?parent=129"}],"curies":[{"name":"wp","href":"https:\/\/api.w.org\/{rel}","templated":true}]}}

30-Jahr-Jubiläum

<p>Am 5. September 2020 dürfen wir bereits unser dreissigjähriges Jubiläum feiern, keine Selbstverständlichkeit, darauf sind wir stolz.</p>



<h3 class="wp-block-heading" id="Spender">Spender- und Gönnerliste</h3>



<h4 class="wp-block-heading">Bisherige Zusagen:</h4>



<ul class="wp-block-list"><li><strong>Centralschweizerische Kraftwerke AG</strong> &#8211; <a rel="noreferrer noopener" aria-label="Link (öffnet in neuem Tab)" href="https://www.ckw.ch" target="_blank">Link</a><br>Zentralschweizer Energieversorger<br></li><li><strong>Christian Göldi, Schaffhausen &#8211; Bauingenieur Wasserbau</strong><br>Mandate und Expertisen, Wasserbau und Hochwasserschutz<br></li><li><strong>Die Mobiliar, Generalagentur Luzern</strong> &#8211; <a rel="noreferrer noopener" href="https://www.mobiliar.ch/versicherungen-und-vorsorge/generalagenturen/luzern" target="_blank">Link</a><br>kompetente Partnerin für Versicherungen und Vorsorge in der Region Luzern<br></li><li><strong>Richemont Restaurant &amp; Hotel </strong>&#8211; <a rel="noreferrer noopener" aria-label="Link (öffnet in neuem Tab)" href="https://richemont-gastro.ch/" target="_blank">Link</a><br>der etwas andere Gastronomiebetrieb<br></li><li><strong>Schottland für Alle</strong> &#8211; <a rel="noreferrer noopener" aria-label="Link (öffnet in neuem Tab)" href="https://www.schottland-fuer-alle.com" target="_blank">Link</a><br>Reisen für Menschen mit und ohne Handicap<br></li><li><strong>Andreas Steiger und Partner AG </strong>&#8211; <a rel="noreferrer noopener" href="http://www.a-steiger-partner.ch" target="_blank">Link</a><br>Beratende Bauingenieure SIA USIC<br><strong><strong>Steiger Baucontrol</strong> AG </strong>&#8211; <a rel="noreferrer noopener" href="https://www.baucontrol.ch" target="_blank">Link</a><br>unabhängige Unternehmung, die Dienstleistungen im Bereich Beweissicherung, Messtechnik und Expertisen bei bautechnischen Fragen anbietet</li></ul>



<p></p>

<p>Am 5. September 2020 dürfen wir bereits unser dreissigjähriges Jubiläum feiern, keine Selbstverständlichkeit, darauf sind wir stolz. Spender- und Gönnerliste Bisherige Zusagen: Centralschweizerische Kraftwerke AG &#8211; LinkZentralschweizer Energieversorger Christian Göldi, Schaffhausen &#8211; Bauingenieur WasserbauMandate und Expertisen, Wasserbau und Hochwasserschutz Die Mobiliar, Generalagentur Luzern &#8211; Linkkompetente Partnerin für Versicherungen und Vorsorge in der Region Luzern Richemont [&hellip;]</p>
