{"id":162,"date":"2020-04-05T16:41:50","date_gmt":"2020-04-05T14:41:50","guid":{"rendered":"http:\/\/www.verein-rodtegg.ch\/homepage_2020\/?page_id=162"},"modified":"2023-04-02T15:16:27","modified_gmt":"2023-04-02T13:16:27","slug":"formuar-neumitglieder","status":"publish","type":"page","link":"https:\/\/www.verein-rodtegg.ch\/homepage_2020\/home\/formuar-neumitglieder\/","title":{"rendered":"Mitglieder-Anmeldeformular"},"content":{"rendered":"<div class=\"wpforms-container wpforms-container-full wpforms-block wpforms-block-3f3a3493-8f95-4503-b88a-e1b6ce9cf303\" id=\"wpforms-384\"><form id=\"wpforms-form-384\" class=\"wpforms-validate wpforms-form wpforms-ajax-form\" data-formid=\"384\" method=\"post\" enctype=\"multipart\/form-data\" action=\"\/homepage_2020\/wp-json\/wp\/v2\/pages\/162\" data-token=\"80badb5ef7185409e6fc16f838b5bdb4\" data-token-time=\"1777478491\"><noscript class=\"wpforms-error-noscript\">Bitte aktiviere JavaScript in deinem Browser, um dieses Formular fertigzustellen.<\/noscript><div class=\"wpforms-field-container\"><div id=\"wpforms-384-field_2-container\" class=\"wpforms-field wpforms-field-name\" data-field-id=\"2\"><label class=\"wpforms-field-label\">Name <span class=\"wpforms-required-label\">*<\/span><\/label><div class=\"wpforms-field-row wpforms-field-medium\"><div class=\"wpforms-field-row-block wpforms-first wpforms-one-half\"><input type=\"text\" id=\"wpforms-384-field_2\" class=\"wpforms-field-name-first wpforms-field-required\" name=\"wpforms[fields][2][first]\" required><label for=\"wpforms-384-field_2\" class=\"wpforms-field-sublabel after\">Vorname<\/label><\/div><div class=\"wpforms-field-row-block wpforms-one-half\"><input type=\"text\" id=\"wpforms-384-field_2-last\" class=\"wpforms-field-name-last wpforms-field-required\" name=\"wpforms[fields][2][last]\" required><label for=\"wpforms-384-field_2-last\" class=\"wpforms-field-sublabel after\">Nachname<\/label><\/div><\/div><\/div><div id=\"wpforms-384-field_3-container\" class=\"wpforms-field wpforms-field-address\" data-field-id=\"3\"><label class=\"wpforms-field-label wpforms-label-hide\">Anschrift<\/label><div class=\"wpforms-field-row wpforms-field-medium\"><div ><input type=\"text\" id=\"wpforms-384-field_3\" class=\"wpforms-field-address-address1\" name=\"wpforms[fields][3][address1]\" ><label for=\"wpforms-384-field_3\" class=\"wpforms-field-sublabel after\">Adresse Zeile 1<\/label><\/div><\/div><div class=\"wpforms-field-row wpforms-field-medium\"><div ><input type=\"text\" id=\"wpforms-384-field_3-address2\" class=\"wpforms-field-address-address2\" name=\"wpforms[fields][3][address2]\" ><label for=\"wpforms-384-field_3-address2\" class=\"wpforms-field-sublabel after\">Anschrift Zusatz<\/label><\/div><\/div><div class=\"wpforms-field-row wpforms-field-medium\"><div class=\"wpforms-field-row-block wpforms-one-half wpforms-first\"><input type=\"text\" id=\"wpforms-384-field_3-city\" class=\"wpforms-field-address-city\" name=\"wpforms[fields][3][city]\" ><label for=\"wpforms-384-field_3-city\" class=\"wpforms-field-sublabel after\">Stadt<\/label><\/div><div class=\"wpforms-field-row-block wpforms-one-half\"><input type=\"text\" id=\"wpforms-384-field_3-state\" class=\"wpforms-field-address-state\" name=\"wpforms[fields][3][state]\" ><label for=\"wpforms-384-field_3-state\" class=\"wpforms-field-sublabel after\">Region<\/label><\/div><\/div><div class=\"wpforms-field-row wpforms-field-medium\"><div class=\"wpforms-field-row-block wpforms-one-half wpforms-first\"><input type=\"text\" id=\"wpforms-384-field_3-postal\" class=\"wpforms-field-address-postal\" name=\"wpforms[fields][3][postal]\" ><label for=\"wpforms-384-field_3-postal\" class=\"wpforms-field-sublabel after\">Postleitzahl<\/label><\/div><\/div><\/div><div id=\"wpforms-384-field_4-container\" class=\"wpforms-field wpforms-field-phone\" data-field-id=\"4\"><label class=\"wpforms-field-label\" for=\"wpforms-384-field_4\">Telefon<\/label><input type=\"tel\" id=\"wpforms-384-field_4\" class=\"wpforms-field-medium wpforms-smart-phone-field\" data-rule-smart-phone-field=\"true\" name=\"wpforms[fields][4]\" aria-label=\"Telefon\" ><\/div><div id=\"wpforms-384-field_5-container\" class=\"wpforms-field wpforms-field-email\" data-field-id=\"5\"><label class=\"wpforms-field-label\" for=\"wpforms-384-field_5\">E-Mail <span class=\"wpforms-required-label\">*<\/span><\/label><input type=\"email\" id=\"wpforms-384-field_5\" class=\"wpforms-field-medium wpforms-field-required\" name=\"wpforms[fields][5]\" spellcheck=\"false\" required><\/div><div id=\"wpforms-384-field_6-container\" class=\"wpforms-field wpforms-field-checkbox\" data-field-id=\"6\"><label class=\"wpforms-field-label\">Mitgliedschaft <span class=\"wpforms-required-label\">*<\/span><\/label><ul id=\"wpforms-384-field_6\" class=\"wpforms-field-required\"><li class=\"choice-1 depth-1\"><input type=\"checkbox\" id=\"wpforms-384-field_6_1\" name=\"wpforms[fields][6][]\" value=\"Aktiv (Jahresbeitrag mindestens Fr. 25.00)\" required ><label class=\"wpforms-field-label-inline\" for=\"wpforms-384-field_6_1\">Aktiv (Jahresbeitrag mindestens Fr. 25.00)<\/label><\/li><li class=\"choice-2 depth-1\"><input type=\"checkbox\" id=\"wpforms-384-field_6_2\" name=\"wpforms[fields][6][]\" value=\"Passiv (Jahresbeitrag mindestens Fr. 20.00)\" required ><label class=\"wpforms-field-label-inline\" for=\"wpforms-384-field_6_2\">Passiv (Jahresbeitrag mindestens Fr. 20.00)<\/label><\/li><\/ul><div class=\"wpforms-field-description\">Die Passiv-Mitgliedschaft ist nur f\u00fcr Personen gedacht, die unseren Verein ideell und finanziell unterst\u00fctzen, jedoch nicht aktiv am Vereinsleben teilnehmen m\u00f6chten!<\/div><\/div><\/div><!-- .wpforms-field-container --><div class=\"wpforms-recaptcha-container wpforms-is-recaptcha wpforms-is-recaptcha-type-v2\" ><div class=\"g-recaptcha\" data-sitekey=\"6LdnreYUAAAAAFBFUwEav-Us8rNpJrL-wQsRVeig\"><\/div><input type=\"text\" name=\"g-recaptcha-hidden\" class=\"wpforms-recaptcha-hidden\" style=\"position:absolute!important;clip:rect(0,0,0,0)!important;height:1px!important;width:1px!important;border:0!important;overflow:hidden!important;padding:0!important;margin:0!important;\" data-rule-recaptcha=\"1\"><\/div><div class=\"wpforms-submit-container\" ><input type=\"hidden\" name=\"wpforms[id]\" value=\"384\"><input type=\"hidden\" name=\"page_title\" value=\"\"><input type=\"hidden\" name=\"page_url\" value=\"https:\/\/www.verein-rodtegg.ch\/homepage_2020\/wp-json\/wp\/v2\/pages\/162\"><input type=\"hidden\" name=\"url_referer\" value=\"\"><button type=\"submit\" name=\"wpforms[submit]\" id=\"wpforms-submit-384\" class=\"wpforms-submit\" data-alt-text=\"Senden\u2026\" data-submit-text=\"Mitgliedschaft anmelden\" aria-live=\"assertive\" value=\"wpforms-submit\">Mitgliedschaft anmelden<\/button><img loading=\"lazy\" decoding=\"async\" src=\"https:\/\/www.verein-rodtegg.ch\/wp-content\/plugins\/wpforms\/assets\/images\/submit-spin.svg\" class=\"wpforms-submit-spinner\" style=\"display: none;\" width=\"26\" height=\"26\" alt=\"Wird geladen\"><\/div><\/form><\/div>  <!-- .wpforms-container -->","protected":false},"excerpt":{"rendered":"","protected":false},"author":1,"featured_media":0,"parent":35,"menu_order":2,"comment_status":"closed","ping_status":"closed","template":"","meta":{"footnotes":""},"class_list":["post-162","page","type-page","status-publish","hentry"],"_links":{"self":[{"href":"https:\/\/www.verein-rodtegg.ch\/homepage_2020\/wp-json\/wp\/v2\/pages\/162","targetHints":{"allow":["GET"]}}],"collection":[{"href":"https:\/\/www.verein-rodtegg.ch\/homepage_2020\/wp-json\/wp\/v2\/pages"}],"about":[{"href":"https:\/\/www.verein-rodtegg.ch\/homepage_2020\/wp-json\/wp\/v2\/types\/page"}],"author":[{"embeddable":true,"href":"https:\/\/www.verein-rodtegg.ch\/homepage_2020\/wp-json\/wp\/v2\/users\/1"}],"replies":[{"embeddable":true,"href":"https:\/\/www.verein-rodtegg.ch\/homepage_2020\/wp-json\/wp\/v2\/comments?post=162"}],"version-history":[{"count":4,"href":"https:\/\/www.verein-rodtegg.ch\/homepage_2020\/wp-json\/wp\/v2\/pages\/162\/revisions"}],"predecessor-version":[{"id":392,"href":"https:\/\/www.verein-rodtegg.ch\/homepage_2020\/wp-json\/wp\/v2\/pages\/162\/revisions\/392"}],"up":[{"embeddable":true,"href":"https:\/\/www.verein-rodtegg.ch\/homepage_2020\/wp-json\/wp\/v2\/pages\/35"}],"wp:attachment":[{"href":"https:\/\/www.verein-rodtegg.ch\/homepage_2020\/wp-json\/wp\/v2\/media?parent=162"}],"curies":[{"name":"wp","href":"https:\/\/api.w.org\/{rel}","templated":true}]}}