{"id":45,"date":"2020-03-15T15:27:43","date_gmt":"2020-03-15T14:27:43","guid":{"rendered":"http:\/\/www.verein-rodtegg.ch\/homepage_2020\/?page_id=45"},"modified":"2024-07-08T21:49:43","modified_gmt":"2024-07-08T19:49:43","slug":"ueber-uns","status":"publish","type":"page","link":"https:\/\/www.verein-rodtegg.ch\/homepage_2020\/ueber-uns\/","title":{"rendered":"\u00dcber uns"},"content":{"rendered":"\n<h3 class=\"wp-block-heading\">Vereins-Portrait<\/h3>\n\n\n\n<div class=\"wp-block-group\"><div class=\"wp-block-group__inner-container is-layout-flow wp-block-group-is-layout-flow\">\n<h5 class=\"wp-block-heading\">Sinn und Zweck<\/h5>\n\n\n\n<p>Der Verein der Ehemaligen bezweckt den Zusammenschluss aller Ehemaligen des Schulheims M\u00e4tteli, Emmen, und der Stiftung Rodtegg, Luzern, zur Pflege des Kontaktes untereinander und zur ehemaligen Schule bzw. Arbeitsgeber.<\/p>\n<\/div><\/div>\n\n\n\n<div class=\"wp-block-group\"><div class=\"wp-block-group__inner-container is-layout-flow wp-block-group-is-layout-flow\">\n<h5 class=\"wp-block-heading\">Gr\u00fcndung<\/h5>\n\n\n\n<p>Der Verein wurde an der Rodtegg\u2011Chilbi 1990 von ehemaligen Sch\u00fclerinnen und Sch\u00fclern und Mitarbeitenden gegr\u00fcndet.<\/p>\n<\/div><\/div>\n\n\n\n<div class=\"wp-block-group\"><div class=\"wp-block-group__inner-container is-layout-flow wp-block-group-is-layout-flow\">\n<h5 class=\"wp-block-heading\">Aktivit\u00e4ten<\/h5>\n\n\n\n<ul class=\"wp-block-list\">\n<li>Teilnahme am Park-Fest der Rodtegg<\/li>\n\n\n\n<li>Generalversammlung<\/li>\n\n\n\n<li>Herbsttreffen <\/li>\n<\/ul>\n<\/div><\/div>\n\n\n\n<div class=\"wp-block-group\"><div class=\"wp-block-group__inner-container is-layout-flow wp-block-group-is-layout-flow\">\n<h5 class=\"wp-block-heading\">Finanzierung<\/h5>\n\n\n\n<ul class=\"wp-block-list\">\n<li>durch Mitgliederbeitr\u00e4ge <\/li>\n\n\n\n<li>\u00dcbernahme der Portokosten durch die Stiftung Rodtegg<\/li>\n\n\n\n<li>punktuelles unentgeltliches Gastrecht in der Rodtegg f\u00fcr Sitzungen und Anl\u00e4sse<\/li>\n<\/ul>\n<\/div><\/div>\n\n\n\n<div class=\"wp-block-group\"><div class=\"wp-block-group__inner-container is-layout-flow wp-block-group-is-layout-flow\">\n<h5 class=\"wp-block-heading\">Organe<\/h5>\n\n\n\n<ul class=\"wp-block-list\">\n<li>2-3 Briefsendungen j\u00e4hrlich an alle Mitglieder<\/li>\n\n\n\n<li>E-Mails mit Infos <\/li>\n<\/ul>\n<\/div><\/div>\n\n\n\n<h5 class=\"wp-block-heading\"><strong>Mitgliederanzahl<\/strong><\/h5>\n\n\n\n<p>115, davon 5 Ehrenmitglieder (Stand: Mai 2024)<\/p>\n\n\n\n<p>Download des <a href=\"https:\/\/www.verein-rodtegg.ch\/wp-content\/uploads\/2024\/07\/Vereinsportraet_24-05.pdf\" target=\"_blank\" rel=\"noreferrer noopener\">Vereins-Portrait<\/a> im pdf-Format.<\/p>\n\n\n\n<h3 class=\"wp-block-heading\">Zeitungsberichte<\/h3>\n\n\n\n<ul class=\"wp-block-list\">\n<li><a aria-label=\" (\u00f6ffnet in neuem Tab)\" href=\"http:\/\/www.verein-rodtegg.ch\/wp-content\/uploads\/2020\/03\/2010Rodteggzytig_Auszug_No3_Sept.pdf\" target=\"_blank\" rel=\"noreferrer noopener\">Bericht \u00fcber den Jubil\u00e4umsausflug 2010<\/a><br>Auszug auf der Rodtegg-Zytig (Nr. 3, September 2010)<\/li>\n\n\n\n<li><a aria-label=\" (\u00f6ffnet in neuem Tab)\" href=\"http:\/\/www.verein-rodtegg.ch\/wp-content\/uploads\/2020\/03\/2010Jubilaeumszeitung.pdf\" target=\"_blank\" rel=\"noreferrer noopener\">Jubil\u00e4umszytig 2010<\/a><\/li>\n<\/ul>\n\n\n\n<h3 class=\"wp-block-heading\">Statuten<\/h3>\n\n\n\n<ul class=\"wp-block-list\">\n<li><a aria-label=\"Aktuelle Statuten (\u00f6ffnet in neuem Tab)\" href=\"http:\/\/www.verein-rodtegg.ch\/wp-content\/uploads\/2020\/03\/Statuten_VdE.pdf\" target=\"_blank\" rel=\"noreferrer noopener\">Aktuelle Statuten<\/a><\/li>\n<\/ul>\n","protected":false},"excerpt":{"rendered":"<p>Vereins-Portrait Sinn und Zweck Der Verein der Ehemaligen bezweckt den Zusammenschluss aller Ehemaligen des Schulheims M\u00e4tteli, Emmen, und der Stiftung Rodtegg, Luzern, zur Pflege des Kontaktes untereinander und zur ehemaligen Schule bzw. Arbeitsgeber. Gr\u00fcndung Der Verein wurde an der Rodtegg\u2011Chilbi 1990 von ehemaligen Sch\u00fclerinnen und Sch\u00fclern und Mitarbeitenden gegr\u00fcndet. Aktivit\u00e4ten Finanzierung Organe Mitgliederanzahl 115, davon [&hellip;]<\/p>\n","protected":false},"author":1,"featured_media":0,"parent":0,"menu_order":3,"comment_status":"closed","ping_status":"closed","template":"","meta":{"footnotes":""},"class_list":["post-45","page","type-page","status-publish","hentry"],"_links":{"self":[{"href":"https:\/\/www.verein-rodtegg.ch\/homepage_2020\/wp-json\/wp\/v2\/pages\/45","targetHints":{"allow":["GET"]}}],"collection":[{"href":"https:\/\/www.verein-rodtegg.ch\/homepage_2020\/wp-json\/wp\/v2\/pages"}],"about":[{"href":"https:\/\/www.verein-rodtegg.ch\/homepage_2020\/wp-json\/wp\/v2\/types\/page"}],"author":[{"embeddable":true,"href":"https:\/\/www.verein-rodtegg.ch\/homepage_2020\/wp-json\/wp\/v2\/users\/1"}],"replies":[{"embeddable":true,"href":"https:\/\/www.verein-rodtegg.ch\/homepage_2020\/wp-json\/wp\/v2\/comments?post=45"}],"version-history":[{"count":14,"href":"https:\/\/www.verein-rodtegg.ch\/homepage_2020\/wp-json\/wp\/v2\/pages\/45\/revisions"}],"predecessor-version":[{"id":466,"href":"https:\/\/www.verein-rodtegg.ch\/homepage_2020\/wp-json\/wp\/v2\/pages\/45\/revisions\/466"}],"wp:attachment":[{"href":"https:\/\/www.verein-rodtegg.ch\/homepage_2020\/wp-json\/wp\/v2\/media?parent=45"}],"curies":[{"name":"wp","href":"https:\/\/api.w.org\/{rel}","templated":true}]}}

Über uns

<h3 class="wp-block-heading">Vereins-Portrait</h3>



<div class="wp-block-group"><div class="wp-block-group__inner-container is-layout-flow wp-block-group-is-layout-flow">
<h5 class="wp-block-heading">Sinn und Zweck</h5>



<p>Der Verein der Ehemaligen bezweckt den Zusammenschluss aller Ehemaligen des Schulheims Mätteli, Emmen, und der Stiftung Rodtegg, Luzern, zur Pflege des Kontaktes untereinander und zur ehemaligen Schule bzw. Arbeitsgeber.</p>
</div></div>



<div class="wp-block-group"><div class="wp-block-group__inner-container is-layout-flow wp-block-group-is-layout-flow">
<h5 class="wp-block-heading">Gründung</h5>



<p>Der Verein wurde an der Rodtegg‑Chilbi 1990 von ehemaligen Schülerinnen und Schülern und Mitarbeitenden gegründet.</p>
</div></div>



<div class="wp-block-group"><div class="wp-block-group__inner-container is-layout-flow wp-block-group-is-layout-flow">
<h5 class="wp-block-heading">Aktivitäten</h5>



<ul class="wp-block-list">
<li>Teilnahme am Park-Fest der Rodtegg</li>



<li>Generalversammlung</li>



<li>Herbsttreffen </li>
</ul>
</div></div>



<div class="wp-block-group"><div class="wp-block-group__inner-container is-layout-flow wp-block-group-is-layout-flow">
<h5 class="wp-block-heading">Finanzierung</h5>



<ul class="wp-block-list">
<li>durch Mitgliederbeiträge </li>



<li>Übernahme der Portokosten durch die Stiftung Rodtegg</li>



<li>punktuelles unentgeltliches Gastrecht in der Rodtegg für Sitzungen und Anlässe</li>
</ul>
</div></div>



<div class="wp-block-group"><div class="wp-block-group__inner-container is-layout-flow wp-block-group-is-layout-flow">
<h5 class="wp-block-heading">Organe</h5>



<ul class="wp-block-list">
<li>2-3 Briefsendungen jährlich an alle Mitglieder</li>



<li>E-Mails mit Infos </li>
</ul>
</div></div>



<h5 class="wp-block-heading"><strong>Mitgliederanzahl</strong></h5>



<p>115, davon 5 Ehrenmitglieder (Stand: Mai 2024)</p>



<p>Download des <a href="https://www.verein-rodtegg.ch/wp-content/uploads/2024/07/Vereinsportraet_24-05.pdf" target="_blank" rel="noreferrer noopener">Vereins-Portrait</a> im pdf-Format.</p>



<h3 class="wp-block-heading">Zeitungsberichte</h3>



<ul class="wp-block-list">
<li><a aria-label=" (öffnet in neuem Tab)" href="http://www.verein-rodtegg.ch/wp-content/uploads/2020/03/2010Rodteggzytig_Auszug_No3_Sept.pdf" target="_blank" rel="noreferrer noopener">Bericht über den Jubiläumsausflug 2010</a><br>Auszug auf der Rodtegg-Zytig (Nr. 3, September 2010)</li>



<li><a aria-label=" (öffnet in neuem Tab)" href="http://www.verein-rodtegg.ch/wp-content/uploads/2020/03/2010Jubilaeumszeitung.pdf" target="_blank" rel="noreferrer noopener">Jubiläumszytig 2010</a></li>
</ul>



<h3 class="wp-block-heading">Statuten</h3>



<ul class="wp-block-list">
<li><a aria-label="Aktuelle Statuten (öffnet in neuem Tab)" href="http://www.verein-rodtegg.ch/wp-content/uploads/2020/03/Statuten_VdE.pdf" target="_blank" rel="noreferrer noopener">Aktuelle Statuten</a></li>
</ul>

<p>Vereins-Portrait Sinn und Zweck Der Verein der Ehemaligen bezweckt den Zusammenschluss aller Ehemaligen des Schulheims Mätteli, Emmen, und der Stiftung Rodtegg, Luzern, zur Pflege des Kontaktes untereinander und zur ehemaligen Schule bzw. Arbeitsgeber. Gründung Der Verein wurde an der Rodtegg‑Chilbi 1990 von ehemaligen Schülerinnen und Schülern und Mitarbeitenden gegründet. Aktivitäten Finanzierung Organe Mitgliederanzahl 115, davon [&hellip;]</p>
